{"id":2,"date":"2026-02-10T12:51:51","date_gmt":"2026-02-10T11:51:51","guid":{"rendered":"https:\/\/dingy-en-vuache-2026.fr\/?page_id=2"},"modified":"2026-02-10T14:51:39","modified_gmt":"2026-02-10T13:51:39","slug":"bienvenue","status":"publish","type":"page","link":"https:\/\/dingy-en-vuache-2026.fr\/","title":{"rendered":"Bienvenue"},"content":{"rendered":"\n<p class=\"has-medium-font-size\">Dingy-en-Vuache est un village vivant, riche de ses hameaux, de ses paysages et de celles et ceux qui y vivent.<\/p>\n\n\n\n<p class=\"has-medium-font-size\">Depuis plus de 30 ans, les \u00e9lections municipales n\u2019ont pas offert d\u2019alternative \u00e9lectorale pour la commune. Aujourd\u2019hui, de nombreux habitants expriment le souhait d\u2019un renouveau dans la mani\u00e8re de faire vivre notre municipalit\u00e9 : plus de lisibilit\u00e9, plus de transparence, plus de dialogue, et une action municipale pleinement tourn\u00e9e vers l\u2019int\u00e9r\u00eat g\u00e9n\u00e9ral.<\/p>\n\n\n\n<p class=\"has-medium-font-size\">C\u2019est dans cet esprit que nous avons d\u00e9cid\u00e9 de nous engager et de cr\u00e9er la liste \u00ab Dingy et ses hameaux, le renouveau \u00bb en vue des \u00e9lections municipales de mars 2026.<\/p>\n\n\n\n<p class=\"has-medium-font-size\">Notre d\u00e9marche est claire :<\/p>\n\n\n\n<p class=\"has-medium-font-size\"><img loading=\"lazy\" decoding=\"async\" height=\"16\" width=\"16\" alt=\"\u2714\ufe0f\" src=\"https:\/\/static.xx.fbcdn.net\/images\/emoji.php\/v9\/td2\/2\/16\/2714.png\"> une commune g\u00e9r\u00e9e avec proximit\u00e9, bon sens et responsabilit\u00e9,<\/p>\n\n\n\n<p class=\"has-medium-font-size\"><img loading=\"lazy\" decoding=\"async\" height=\"16\" width=\"16\" alt=\"\u2714\ufe0f\" src=\"https:\/\/static.xx.fbcdn.net\/images\/emoji.php\/v9\/td2\/2\/16\/2714.png\"> une action municipale fond\u00e9e sur la transparence, l\u2019\u00e9thique et l\u2019\u00e9coute,<\/p>\n\n\n\n<p class=\"has-medium-font-size\"><img loading=\"lazy\" decoding=\"async\" height=\"16\" width=\"16\" alt=\"\u2714\ufe0f\" src=\"https:\/\/static.xx.fbcdn.net\/images\/emoji.php\/v9\/td2\/2\/16\/2714.png\"> une alternance constructive, respectueuse de chacun, de toutes les opinions et tourn\u00e9e vers l\u2019avenir.<\/p>\n\n\n\n<p class=\"has-medium-font-size\">Vous d\u00e9couvrirez dans les prochains jours sur cette page nos priorit\u00e9s pour notre village, notre charte \u00e9thique, et les visages de celles et ceux qui s\u2019engagent.<\/p>\n\n\n\n<p class=\"has-medium-font-size\"><img loading=\"lazy\" decoding=\"async\" height=\"16\" width=\"16\" alt=\"\u27a1\ufe0f\" src=\"https:\/\/static.xx.fbcdn.net\/images\/emoji.php\/v9\/t1f\/2\/16\/27a1.png\"> Cette page est un espace de dialogue : faites-nous part de votre avis, interpellez-nous, questionnez-nous ! C\u2019est de la confrontation des points de vue que naissent les meilleures id\u00e9es <img loading=\"lazy\" decoding=\"async\" height=\"16\" width=\"16\" alt=\"\ud83d\udca1\" src=\"https:\/\/static.xx.fbcdn.net\/images\/emoji.php\/v9\/tdb\/2\/16\/1f4a1.png\"><\/p>\n\n\n\n<p class=\"has-medium-font-size\">\u00c0 tr\u00e8s vite,<\/p>\n\n\n\n<p class=\"has-medium-font-size\">L\u2019\u00e9quipe de Dingy et ses hameaux, le renouveau<\/p>\n","protected":false},"excerpt":{"rendered":"<p>Dingy-en-Vuache est un village vivant, riche de ses hameaux, de ses paysages et de celles et ceux qui y vivent. Depuis plus de 30 ans, les \u00e9lections municipales n\u2019ont pas offert d\u2019alternative \u00e9lectorale pour la commune. Aujourd\u2019hui, de nombreux habitants &hellip; <a href=\"https:\/\/dingy-en-vuache-2026.fr\/\">Continuer la lecture <span class=\"meta-nav\">&rarr;<\/span><\/a><\/p>\n","protected":false},"author":1,"featured_media":0,"parent":0,"menu_order":0,"comment_status":"closed","ping_status":"closed","template":"","meta":{"footnotes":""},"class_list":["post-2","page","type-page","status-publish","hentry"],"_links":{"self":[{"href":"https:\/\/dingy-en-vuache-2026.fr\/index.php?rest_route=\/wp\/v2\/pages\/2","targetHints":{"allow":["GET"]}}],"collection":[{"href":"https:\/\/dingy-en-vuache-2026.fr\/index.php?rest_route=\/wp\/v2\/pages"}],"about":[{"href":"https:\/\/dingy-en-vuache-2026.fr\/index.php?rest_route=\/wp\/v2\/types\/page"}],"author":[{"embeddable":true,"href":"https:\/\/dingy-en-vuache-2026.fr\/index.php?rest_route=\/wp\/v2\/users\/1"}],"replies":[{"embeddable":true,"href":"https:\/\/dingy-en-vuache-2026.fr\/index.php?rest_route=%2Fwp%2Fv2%2Fcomments&post=2"}],"version-history":[{"count":2,"href":"https:\/\/dingy-en-vuache-2026.fr\/index.php?rest_route=\/wp\/v2\/pages\/2\/revisions"}],"predecessor-version":[{"id":38,"href":"https:\/\/dingy-en-vuache-2026.fr\/index.php?rest_route=\/wp\/v2\/pages\/2\/revisions\/38"}],"wp:attachment":[{"href":"https:\/\/dingy-en-vuache-2026.fr\/index.php?rest_route=%2Fwp%2Fv2%2Fmedia&parent=2"}],"curies":[{"name":"wp","href":"https:\/\/api.w.org\/{rel}","templated":true}]}}